 + 8*a. Let t(y) = 4*y**3 + y**2 + 4*y - 1. Let b be t(3). Suppose -b = x - 3*x. What is the remainder when x is divided by a?
30
Let r = -16991 - -17011. Let k(t) = -8*t - 3. What is the remainder when k(-5) is divided by r?
17
Let y(q) = 368*q**3 - 17*q**2 + 16*q + 1. Calculate the remainder when y(1) is divided by 9.
8
Let q(h) = 7*h**2 + 38*h + 274. Suppose -210 = -19*u + 12*u. What is the remainder when q(-8) is divided by u?
28
Let u be (-20 + 24)*(-14)/(-8). Suppose 11*h - 59 - u = 0. Let k(p) = -3*p - 1. Calculate the remainder when h is divided by k(-1).
0
Suppose 15*f + 408 = 19*f. Suppose y + 2*j - 18 = 0, -4*j - f = -5*y + 2. Calculate the remainder when 26 is divided by ((-9)/18)/((-1)/y).
6
Let o be 3*(2 + (-5)/(-15)). Suppose -14 = -o*y + 14. Calculate the remainder when 27 is divided by y.
3
What is the remainder when 92 is divided by ((-2)/(-12))/(-1) - (2 - 1744/96)?
12
What is the remainder when (2*-3)/(-2 + (-21)/((-2738232)/260730)) is divided by 46?
44
Let o = -99 - -68. Suppose 132 = 3*l - 12. Let y = o + l. What is the remainder when 48 is divided by y?
14
Let k(d) = -7 + 10 - d + 16*d. Let j be k(4). Let m = -28 + j. What is the remainder when m is divided by 10?
5
Suppose -331 + 1849 = 23*o. Suppose -59*c + o*c - 105 = 0. What is the remainder when 56 is divided by c?
11
Suppose 0*h = 5*h - 5. Let y be (h + 233)*((-25)/10 + 3). Suppose l + y + 95 = 5*j, 0 = -5*j + 4*l + 203. What is the remainder when j is divided by 16?
11
Let u(m) = 4*m - 29. Let n be u(13). Suppose n + 2 = 5*z, -3*a + 83 = 4*z. Calculate the remainder when a is divided by 13.
8
Calculate the remainder when (-17)/17 + -5 - (2 - 463) is divided by 161.
133
Let h = -65 - -107. Suppose 335 = 2*o + 2*x + 293, -10 = -x. Calculate the remainder when h is divided by o.
9
Let y = -53 - -96. Suppose 2*d + 974 = -3*b, -b + d - 132 - 201 = 0. Let m = b - -541. What is the remainder when m is divided by y?
41
Suppose -3024*i - 3513292 = -3140*i. Calculate the remainder when i is divided by 130.
127
Suppose -296 - 159 = 13*h. Let t = -1 - -17. What is the remainder when (-424)/(-14) + h/(-49) is divided by t?
15
Let k = 69 - 42. What is the remainder when k is divided by ((-11)/(-11))/((-3)/21) - -13?
3
Suppose -4*z - 5*s + 56 = 0, -14*z + 10*z + 72 = s. What is the remainder when 116 is divided by z - (0 + 2)/1?
14
Suppose -45 = -t + 20. Let s(y) = y**2 + 6*y - 5. Let r be s(-7). Suppose 40 = r*d + 2*w, -7*w - 76 = -3*d - 2*w. What is the remainder when t is divided by d?
21
Suppose 11612*n - 11647*n = -242830. Calculate the remainder when n is divided by 126.
8
Suppose 2*m = -4*q + 4, 4*q = -6*m + 2*m + 24. Suppose 6*n - m = n. Suppose -n*r + 31 = -21. Calculate the remainder when r is divided by 6.
2
Suppose -5*v + 887 = -2*w, 0 = -3*v + 5*w + 400 + 136. Let h = -125 + v. Let n = 15 - 1. What is the remainder when h is divided by n?
10
Let t(g) = -g**2 + 5. Let m be t(5). What is the remainder when (-535)/(-4) - (-4 + (-75)/m) is divided by 35?
29
Suppose 514*l - 396*l - 38232 = 0. What is the remainder when 996 is divided by l?
24
Let v(l) = 523*l - 464. Calculate the remainder when v(2) is divided by 21.
15
Let k(n) = -25*n + 864. What is the remainder when 585 is divided by k(34)?
11
Let w = -248 - -248. Calculate the remainder when 250 is divided by ((-6)/6)/(w - (-3)/(-69)).
20
Suppose -11 = -r - k - 13, -2 = -5*r - 2*k. Suppose -3*v + r*c = -56, 19*v - 16*v - 70 = -5*c. Calculate the remainder when 35 is divided by v.
15
Suppose -37 - 44 = -27*g. Suppose 78 = g*w - 2*m, 0*w - w + 19 = -3*m. Calculate the remainder when 108 is divided by w.
24
Let j = -17864 - -17914. Calculate the remainder when 303 is divided by j.
3
Suppose -310*r = -325*r + 1110. Calculate the remainder when 1183 is divided by r.
73
Calculate the remainder when (1 + 0)/((-1)/((6 + -313)/1)) is divided by 137.
33
Suppose 457*o - 52561 - 11087 = 145*o. Calculate the remainder when 4283 is divided by o.
203
Suppose -2*b + 28 = 4*z, 3*z - 18 = -b - z. What is the remainder when 15/4*(-237 - -241) is divided by b?
5
Let j(d) = -2*d**3 - 17*d**2 + 30*d - 18. Let c be j(-10). Calculate the remainder when 280 is divided by (-5)/(((-3)/18)/((-9)/c)).
10
Suppose 9*f = -33*f + 5804 + 1000. What is the remainder when 3885 is divided by f?
159
Calculate the remainder when (-41)/287 + 464/14 is divided by -3 - (-7)/(14/44).
14
Let l = 410 + 140. Suppose 0 = 5*n + 2*j - l, -344 = -5*n + 2*n - 4*j. Let u = -61 + n. What is the remainder when u is divided by 5?
2
Let q(g) = -g**2 - 14*g - 4. Let w be q(-14). Suppose -2*p + 78 = -0*p. What is the remainder when p is divided by 12 + (1 - (3 + w))?
11
Suppose -s + 1462 = 42*s. What is the remainder when 314 is divided by s?
8
Let c(r) = -213*r + 428. Let w be c(2). Let k(a) = 21*a**2 - 2*a - 1. Let f be k(-1). Suppose -f = w*o - 4*o. What is the remainder when 41 is divided by o?
8
Suppose -486 - 6731 = -21*r + 70. Calculate the remainder when r is divided by 124.
99
Suppose 11777*r - 492 = 11736*r. Calculate the remainder when 3980 is divided by r.
8
Let a = 35 - 11. Let l(p) = 2*p**2 + 24*p + 88. What is the remainder when l(-5) is divided by ((-3)/(-2))/(a/64)?
2
Let i(g) = -g**2 - 6*g - 15. Let b be i(-3). Calculate the remainder when 1/(b/(-945))*(-10)/(-15) is divided by (1 - 0)*-1 - -19.
15
Suppose 3 = 2*x - 3. Suppose 0 = -2*z + z + x. What is the remainder when ((-3)/(-5))/(6021/50175) is divided by z?
2
Let p be 5*((-54)/(-15))/6. Let o = -2 + p. Calculate the remainder when (-4)/(-6) + (-676)/(-3)*o is divided by 57.
55
Let t = -83 - -83. Suppose 5*h + 16 = -2*p, t = -p + 3*h - 2 + 16. Suppose -4*s = -m - p - 5, -2*s - 4 = -2*m. Calculate the remainder when 3 is divided by s.
0
Suppose 0 = -46*j - 30*j + 14*j + 1364. What is the remainder when 1054 is divided by j?
20
Let s(b) = -20 + 0*b**3 - 22*b - 31*b**2 + 53*b - b**3. Calculate the remainder when 179 is divided by s(-32).
11
Let z(f) = f**3 + 10*f**2 - 13*f + 7. Let c be 9/21 - 80/7. Let h be z(c). Let u = -16 + h. Calculate the remainder when 37 is divided by u.
11
Suppose -137 = -12*s + 559. Suppose -2*j + 3*u = -30, 0*u = -3*u + 12. Calculate the remainder when s is divided by (j/9)/7*30.
8
Let l(k) = 51*k**2 + 160*k - 16. What is the remainder when l(8) is divided by 197?
194
Let n(u) = -u**2 - 16*u - 27. Suppose 5*v - 53 = -2*z, 3*v - 10*z = -6*z + 37. What is the remainder when n(-12) is divided by v?
10
Suppose -704*w + 654*w + 1900 = 0. What is the remainder when 104 is divided by w?
28
Let z(h) = -h**3 - h**3 + 4*h**2 + 3*h + 3*h**3. Let a be z(-2). Suppose -4*v + 26 = 2*y, -5*y = -a*v - 10 - 19. What is the remainder when 41 is divided by y?
6
Let w(o) = -o + 229. Let m(s) = 229. Let k(r) = 6*m(r) - 5*w(r). Calculate the remainder when k(-32) is divided by 13.
4
Calculate the remainder when 808 is divided by (456/(-1216))/((-3)/528).
16
Let c(o) = -39*o**2 - 3*o - 1. Let l be c(-1). Let h = l + 80. Calculate the remainder when 343 is divided by h.
42
Let q = -38 - -44. Let f = -5 + q. What is the remainder when (-45 + -2 + f)/((-13)/26) is divided by 31?
30
Let f(d) = 150*d**2 - 204*d + 1600. What is the remainder when f(9) is divided by 20?
14
What is the remainder when 1725 is divided by 5/20 - (-1305)/60?
9
Let z = -8678 - -8960. Calculate the remainder when z is divided by (6*1)/(4/10).
12
Suppose -5*k = 0, 15*l + 2*k = 18*l - 2*k - 123. Let u be 1*(0 - -3)*-1. What is the remainder when (77/u)/(1/(-3)) is divided by l?
36
Suppose 8 = l - 4. Let q(i) = 2*i**3 - 92*i**2 - 92*i - 90. What is the remainder when l is divided by q(47)?
0
Let w be 33/9 - 8/12. Let y be (3 - (w - 7)) + -4. Suppose -r + y*j = -62, -r + 27 + 15 = j. Calculate the remainder when r is divided by 8.
7
Let v = 146 - 143. Suppose -555 = 5*t - v*j - 2*j, 0 = 2*t + 3*j + 232. Let h = 123 + t. Calculate the remainder when 57 is divided by h.
7
What is the remainder when 226722/18 - (-76)/(-114) is divided by 94?
93
Let m(b) = -15 + 5 - 17 - 24 + 12*b - 4. Calculate the remainder when m(10) is divided by 23.
19
Suppose -5*n + 27 = 4*q, -2*q = -21*n + 24*n - 15. Calculate the remainder when n - (2/(-1) + -21 + 3) is divided by 8.
7
Suppose -15*p + 12948 = 5163. Calculate the remainder when p is divided b